me?
False
Let z(g) = -5*g**3 + 6*g**2 + 8*g - 2. Let i be z(-4). Suppose 0*t - 4*t + i = 2*p, 4*t + p - 385 = 0. Suppose -499 = -4*u + t. Is u a prime number?
True
Let c be 1/(15/(-77) - (-8)/28). Suppose -16026 = -2*s - 4*m, -c*m - 40065 = -5*s - 13*m. Is s a prime number?
False
Is (2/(-5) + 48/80)*1022915 a prime number?
True
Let q = -1249 - -2044. Suppose 2*w + 6*w - 152 = 0. Suppose 24*o - w*o = q. Is o a prime number?
False
Suppose 440954 + 117180 = 58*m. Is m prime?
True
Let x be -4 + 7/((-7)/(-4)). Let b(f) = f**2 - 2*f + 1. Let v be b(x). Let r(o) = 747*o + 4. Is r(v) a composite number?
False
Suppose 5*b - 20 + 0 = 0. Let f(t) = -5*t + 14. Let l be f(b). Let i(a) = -a**3 - 4*a**2 + 2*a - 7. Is i(l) composite?
False
Suppose -13*h + 9*h - 8 = 0, -584561 = -3*z + h. Is z composite?
True
Let a = 142 - 130. Is (-14 + a - (-4 + 0)) + 6311 a composite number?
True
Let f(l) = 2*l**2 + 2*l + 421. Let k be f(0). Let z = -895 - k. Let c = -247 - z. Is c prime?
True
Let s(y) be the third derivative of -5/24*y**4 + 0 + 0*y - 1/6*y**3 - y**2 + 1/15*y**5. Is s(-4) prime?
True
Let y = -34415 + 118770. Is y prime?
False
Suppose 9*v = 279061 + 372818. Is v prime?
True
Let k(w) = 1274*w**2 - 1184*w + 31. Is k(43) a composite number?
True
Suppose -55*i = -56*i + 3047. Let h(v) = 7*v**2 - 22*v + 7. Let o be h(3). Suppose -5005 + 14107 = 3*z + f, 0 = -z + o*f + i. Is z prime?
False
Let k = -5 + -12. Let g be (1/3)/(-20 - 89649/(-4482)). Let p = k + g. Is p a prime number?
True
Let b(m) = -m**2 - 28*m + 39. Let p be b(-29). Suppose p*l - 4901 = -3*l. Is l a prime number?
False
Let a(m) = -381*m + 4. Let k be a(-5). Let o = k + -873. Suppose 0*x + 4*x = o. Is x composite?
True
Let m(w) be the second derivative of w**5/2 - 5*w**4/12 - 3*w**3/2 - 3*w**2/2 + 5*w + 9. Is m(5) a composite number?
True
Suppose 0 = 65*p - 71*p + 4218. Let r(w) = 2*w - 4. Let y be r(-4). Is (-4)/(-2) + 0 - (y - p) composite?
True
Suppose -9197468 = -32*w + 4*w. Is w composite?
False
Let t(m) = -21*m**3 + 16*m**2 + 3*m - 5. Let s be t(-5). Let c = -2052 + s. Is c a composite number?
False
Let l(q) = 7901*q**3 + 5*q**2 - 84*q + 161. Is l(2) a prime number?
False
Let i(p) = 696*p**3 + 2*p**2 - 56*p + 165. Is i(3) prime?
False
Let b(i) = 4090*i + 17. Suppose -17*g + 14 = -37. Is b(g) composite?
True
Suppose 17*x - 12*x - 8080 = 0. Suppose 2*i = 6*i - x. Suppose 8*y - i = 228. Is y prime?
True
Suppose 0 = f - 255 + 256. Let x(g) be the second derivative of -161*g**3/3 - 3*g**2/2 - 2*g. Is x(f) composite?
True
Let r = 9636 - 16443. Let k = r - -12749. Is k composite?
True
Suppose 477*u + 83688498 = 531*u. Is u prime?
True
Let j(g) = g + 20. Let q be j(-16). Is -1*q - (4 - 741) - 0 a prime number?
True
Suppose -556902 + 151022 = -20*l. Suppose 5*d - l = 4841. Is d composite?
True
Let j be -2 - ((-2)/(-8) + (-195)/(-20)). Let t be 2742/(-9) - 8/j. Let i = t - -1619. Is i composite?
True
Let r(m) = -14 - 27*m - 20*m - 7. Let p be r(-6). Suppose 3*o - j = 157, -2*j = 2*o - 7*o + p. Is o a prime number?
True
Let t(o) = -1 + o**2 + 2*o - 766*o**3 - 237*o**3 - o. Let y be t(1). Let g = y + 1451. Is g prime?
True
Let l(y) = 7183*y**2 + 10*y + 44. Is l(-3) composite?
False
Let h = -45056 - -139743. Is h a composite number?
False
Suppose 4*b + 2*k + 52 = 10, -16 = 2*b - 4*k. Let y = b + 14. Suppose -y*t = 5*g - 427, 0*g + t + 412 = 5*g. Is g composite?
False
Let f(z) = 31885*z**2 + 66*z - 89. Is f(6) a prime number?
True
Suppose 5*w + 15 = 0, 3*r - 2*w + 97 = -44. Let q = -55 - r. Is -8 - q - (184 + 2)/(-2) composite?
True
Let i(g) = 15*g + 18*g**2 - 41*g**2 + 15 + 13*g**2 + 3*g**3. Is i(8) a prime number?
True
Let i(u) be the first derivative of -u**4/4 + 2*u**3 + 11*u**2/2 + 5*u + 62. Is i(-4) prime?
False
Let v = -26916 + 27101. Is v a prime number?
False
Let a(v) be the second derivative of 19*v**3/6 + 89*v**2/2 - 46*v. Is a(6) composite?
True
Let t be 0/4 + 956*-133. Let m = -82201 - t. Is m a composite number?
True
Suppose -4*t = -3*o - 12, 4*t + 0*o + 2*o - 12 = 0. Suppose -5*i - t*i = -16. Let z(g) = 49*g**2 + 2*g + 1. Is z(i) composite?
True
Is 2 - (-1 + (-93990 - 4)) prime?
True
Let l(a) = 41*a**2 - 23*a - 597. Is l(28) a prime number?
False
Suppose -4*o + f + 3269435 = 0, 7*f = -o + 4*f + 817336. Is o a composite number?
False
Suppose h - 10 - 3 = -5*z, 93 = 5*h - 3*z. Let m(f) = -f**3 + 23*f**2 + 30*f - 11. Is m(h) prime?
False
Let p(i) = -5*i. Let y be p(2). Let h(w) = 32*w**2. Let j be h(y). Suppose 2*o + 0*o = -3*f + 1604, -4*o = 2*f - j. Is o a composite number?
True
Suppose 12*u - 432435 = -3*w, -2*u + 67*w = 72*w - 72059. Is u a prime number?
True
Let k(j) = -1997*j - 713. Is k(-6) a prime number?
False
Let o = 159 - 447. Let g = 538 + o. Let y = g - -1849. Is y prime?
True
Let c = 831 - 109. Suppose -5*s - c - 113 = 0. Let z = 160 - s. Is z a composite number?
True
Let m be 2 - (20/(-120) + (-26)/(-12)). Suppose -4859 = -2*b - m*a - 3*a, 0 = -3*b + 5*a + 7336. Is b composite?
False
Let o be (1 - -5) + (17 - 19). Suppose 3*v - 3 = 0, v = d - o*v - 5162. Is d a composite number?
False
Let f(t) = 6*t**2 + 9*t + 7. Let x be f(-1). Suppose 4*z - 26012 = 3*m, -5*z + 3*z + 13006 = -x*m. Is z prime?
False
Let h(i) be the third derivative of -7*i**6/8 - i**5/60 - i**4/8 + 2*i**3/3 + 2*i**2 + i. Is h(-3) composite?
True
Let q(w) be the second derivative of -w**5/5 - 13*w**4/12 - 2*w**3 - 7*w**2 - 26*w - 1. Is q(-13) prime?
True
Let w = -12448 - -13602. Is w a composite number?
True
Suppose f = -f + 235078. Is f composite?
False
Suppose 0 = -5*a - 27 + 62, -4*s = -a - 58749. Is s prime?
False
Let l = -117317 - -198718. Is l composite?
False
Let r be (48/(-10))/8*-10. Is r + (-6814)/(-6) + 4/(-6) composite?
True
Let v(y) = -463*y - 67. Let s be 2/(-8) + (-126)/8. Is v(s) composite?
True
Suppose 3*s + 51 = 36. Let r(f) = 2*f**2 - 9*f - 8. Is r(s) a composite number?
True
Suppose 3*y = -4*q + 91642, -6*y - q + 4*q = -183207. Is y a prime number?
False
Let f(m) = -m**3 + 20*m**2 + 7*m - 14. Let k be f(20). Let d = 29 + k. Let t = -42 + d. Is t a composite number?
False
Suppose -k = -0 - 7. Suppose -5*u - 4024 = 2*b, 0 = -3*u + 3*b - k*b - 2420. Let l = u - -1295. Is l prime?
True
Let k be (-10)/(4/2) + 174. Let t(o) = -o**2 - 114. Let h be t(0). Let p = k + h. Is p a composite number?
True
Suppose 3*g + 1 - 7 = 0. Let j(p) = -p**2 + 3*p + 3*p**2 - 5*p**2 + 65*p**3. Is j(g) composite?
True
Is -9 + 1 + (17301 - 62) a prime number?
True
Is (-1140920)/(-120) - (-12)/9 a prime number?
False
Suppose -2*y + 21 - 13 = 0. Suppose 0*f + 4 = -f, -f = y*s - 12. Suppose n + s*g = 6*n - 959, 0 = 4*n - 5*g - 769. Is n a prime number?
True
Let k(i) = 653*i**2 - 2*i - 7. Let g = -12 - -41. Let q = g - 31. Is k(q) a composite number?
False
Is ((-30)/135*1492899)/((-12)/18) prime?
True
Let b = -22608 - -38825. Is b a prime number?
True
Suppose 8*k + 49*k = 32002593. Is k prime?
False
Is (-209462)/(13 - (5 + 10)) a composite number?
True
Let p = 253 + -416. Let r = 42 - p. Is r a prime number?
False
Let b(q) = 5*q - 34*q**3 + 9*q**2 + 5 - 3*q**2 + 0*q + 4*q. Let z be b(-6). Suppose 2*n - z = -5*n. Is n composite?
True
Let t(x) be the third derivative of -x**6/120 + 3*x**5/10 - x**4/8 + 25*x**3/6 + 93*x**2. Is t(8) composite?
False
Let n be 6723 - (19 - 4)/(-3). Let t = n + -2785. Is t a composite number?
False
Suppose 9*l - 92 = -56. Suppose c - 71200 = -4*c + 5*n, -l*c - 3*n = -56981. Is c prime?
True
Suppose -5*t + 18 = -0*t + 4*o, -4*t - 3*o + 14 = 0. Suppose y - t*y + 41 = 0. Suppose -386 = -3*x - y. Is x prime?
False
Suppose 164146 = -4*o + 8*o + 5*u, -4*o - u = -164154. Is o a composite number?
False
Suppose -u = 4*t - 88571, -26*u + 88592 = -25*u - 3*t. Is u a prime number?
False
Let h(k) = 661*k**3 + 12 + 8*k + 11*k**2 + 664*k**3 - 1372*k**3. Is h(-5) composite?
True
Let i(j) = 141*j**2 + 6*j + 6. Let q = -53 - -49. Let z be i(q). Suppose -489 + z = 3*y. Is y composite?
True
Suppose 0 = -u + 14*u - 2023658. Suppose 8*s = -16074 + u. Is s prime?
True
Let c(w) = -w**2 + 16*w + 15. Let z be c(17). Let i be 1*(z - (-58 + 3)). Suppose -122 = -3*q - i. Is q a composite number?
False
Suppose -50 + 15 = 5*c. Let k(t) = t**3 + 7*t**2 + 6. Let a be k(c). Is (-5 - (-44)/(-8))*(-236)/a composite?
True
Let m = -47